git of 1095?
9
What is the tens digit of 31060?
6
What is the thousands digit of 46963?
6
What is the tens digit of 5871?
7
What is the tens digit of 7057?
5
What is the tens digit of 1012?
1
What is the tens digit of 1066?
6
What is the tens digit of 1060?
6
What is the hundreds digit of 13619?
6
What is the units digit of 13524?
4
What is the tens digit of 9615?
1
What is the tens digit of 1306?
0
What is the ten thousands digit of 38763?
3
What is the hundreds digit of 113671?
6
What is the hundreds digit of 26178?
1
What is the hundreds digit of 3471?
4
What is the units digit of 198?
8
What is the units digit of 170629?
9
What is the hundreds digit of 10659?
6
What is the units digit of 2891?
1
What is the tens digit of 632?
3
What is the hundreds digit of 653?
6
What is the tens digit of 29929?
2
What is the hundreds digit of 14527?
5
What is the ten thousands digit of 16331?
1
What is the tens digit of 87280?
8
What is the hundreds digit of 5064?
0
What is the units digit of 1099?
9
What is the thousands digit of 5547?
5
What is the tens digit of 32269?
6
What is the units digit of 508?
8
What is the thousands digit of 72669?
2
What is the tens digit of 10060?
6
What is the ten thousands digit of 57445?
5
What is the hundreds digit of 9057?
0
What is the units digit of 693?
3
What is the units digit of 382?
2
What is the units digit of 3868?
8
What is the ten thousands digit of 19675?
1
What is the units digit of 5285?
5
What is the units digit of 8025?
5
What is the thousands digit of 22676?
2
What is the hundreds digit of 911?
9
What is the hundreds digit of 988?
9
What is the thousands digit of 3496?
3
What is the ten thousands digit of 45300?
4
What is the thousands digit of 19504?
9
What is the thousands digit of 4225?
4
What is the hundreds digit of 5723?
7
What is the tens digit of 30983?
8
What is the hundreds digit of 426?
4
What is the hundreds digit of 19707?
7
What is the tens digit of 29322?
2
What is the hundreds digit of 4065?
0
What is the tens digit of 4715?
1
What is the hundreds digit of 45752?
7
What is the units digit of 18722?
2
What is the hundreds digit of 1211?
2
What is the hundreds digit of 2168?
1
What is the thousands digit of 69577?
9
What is the hundreds digit of 286?
2
What is the thousands digit of 1642?
1
What is the tens digit of 12760?
6
What is the hundreds digit of 61892?
8
What is the hundreds digit of 2793?
7
What is the tens digit of 386?
8
What is the thousands digit of 8200?
8
What is the hundreds digit of 12575?
5
What is the thousands digit of 6788?
6
What is the hundreds digit of 6733?
7
What is the thousands digit of 3569?
3
What is the ten thousands digit of 14310?
1
What is the units digit of 696?
6
What is the tens digit of 542?
4
What is the units digit of 61632?
2
What is the thousands digit of 2979?
2
What is the ten thousands digit of 18328?
1
What is the hundreds digit of 980?
9
What is the tens digit of 1548?
4
What is the tens digit of 2541?
4
What is the hundreds digit of 15835?
8
What is the ten thousands digit of 84756?
8
What is the thousands digit of 30037?
0
What is the units digit of 3011?
1
What is the units digit of 48613?
3
What is the hundreds digit of 689?
6
What is the hundreds digit of 10691?
6
What is the tens digit of 27002?
0
What is the tens digit of 21392?
9
What is the units digit of 482?
2
What is the tens digit of 3137?
3
What is the tens digit of 3207?
0
What is the hundreds digit of 2536?
5
What is the hundreds digit of 908?
9
What is the units digit of 41061?
1
What is the thousands digit of 6323?
6
What is the units digit of 1613?
3
What is the units digit of 3798?
8
What is the ten thousands digit of 27032?
2
What is the thousands digit of 3804?
3
What is the tens digit of 3977?
7
What is the ten thousands digit of 79126?
7
What is the units digit of 2359?
9
What is the units digit of 986?
6
What is the units digit of 7489?
9
What is the hundreds digit of 8784?
7
What is the tens digit of 21605?
0
What is the hundreds digit of 1392?
3
What is the thousands digit of 6923?
6
What is the ten thousands digit of 25418?
2
What is the units digit of 64799?
9
What is the ten thousands digit of 39530?
3
What is the thousands digit of 14518?
4
What is the units digit of 471?
1
What is the units digit of 3028?
8
What is the tens digit of 1367?
6
What is the tens digit of 31398?
9
What is the tens digit of 83349?
4
What is the units digit of 7273?
3
What is the tens digit of 1469?
6
What is the hundreds digit of 16308?
3
What is the tens digit of 6167?
6
What is the units digit of 47110?
0
What is the hundreds digit of 106421?
4
What is the units digit of 217?
7
What is the hundreds digit of 11809?
8
What is the thousands digit of 33014?
3
What is the tens digit of 2379?
7
What is the tens digit of 918?
1
What is the units digit of 5433?
3
What is the ten thousands digit of 25826?
2
What is the hundreds digit of 807?
8
What is the ten thousands digit of 36447?
3
What is the tens digit of 784?
8
What is the tens digit of 12766?
6
What is the hundreds digit of 2053?
0
What is the tens digit of 287?
8
What is the hundreds digit of 2789?
7
What is the units digit of 6042?
2
What is the tens digit of 861?
6
What is the hundreds digit of 21725?
7
What is the units digit of 9288?
8
What is the tens digit of 877?
7
What is the tens digit of 29409?
0
What is the tens digit of 21968?
6
What is the thousands digit of 2008?
2
What is the units digit of 100?
0
What is the tens digit of 27418?
1
What is the tens digit of 2283?
8
What is the units digit of 63841?
1
What is the tens digit of 16456?
5
What is the hundreds digit of 679?
6
What is the ten thousands digit of 35939?
3
What is the thousands digit of 1950?
1
What is the units digit of 2759?
9
What is the thousands digit of 6193?
6
What is the thousands digit of 36916?
6
What is the tens digit of 1237?
3
What is the units digit of 936?
6
What is the thousands digit of 8469?
8
What is the hundreds digit of 7891?
8
What is the hundreds digit of 2292?
2
What is the tens digit of 109?
0
What is the tens digit of 4229?
2
What is the hundreds digit of 478?
4
What is the tens digit of 911?
1
What is the tens digit of 1594?
9
What is the hundreds digit of 12411?
4
What is the ten thousands digit of 59439?
5
What is the units digit of 6032?
2
What is the thousands digit of 7378?
7
What is the thousands digit of 2916?
2
What is the thousands digit of 5420?
5
What is the tens digit of 136986?
8
What is the thousands digit of 2192?
2
What is the hundreds digit of 54834?
8
What is the thousands digit of 6187?
6
What is the hundreds digit of 1003?
0
What is the hundreds digit of 1509?
5
What is the tens digit of 96898?
9
What is the thousands digit of 1422?
1
What is the units digit of 21830?
0
What is the hundreds digit of 23740?
7
What is the thousands digit of 127078?
7
What is the ten thousands digit of 19049?
1
What is the hundreds digit of 630?
6
What is the tens digit of 31?
3
What is the thousands digit of 3976?
3
What is the tens digit of 10572?
7
What is the units digit of 900?
0
What is the thousands digit of 54525?
4
What is the hundreds digit of 18631?
6
What is the units digit of 5729?
9
What is the units digit of 64?
4
What is the thousands digit of 1831?
1
What is the tens digit of 744?
4
What is the units digit of 307?
7
What is the units digit of 20199?
9
What is the tens digit of 172799?
9
What is the tens digit of 2741?
4
What is the thousands digit of 15167?
5
What is the hundreds digit of 316?
3
What is the hundreds digit of 14006?
0
What is the units digit of 11020?
0
What is the thousands digit of 7164?
7
What is the thousands digit of 64933?
4
What is the thousands digit of 2030?
2
What is the hundreds digit of 88003?
0
What is the units digit of 5332?
2
What is the thousands digit of 1161?
1
What is the hundreds digit of 15883?
8
What is the hundreds digit of 1864?
8
What is the units digit of 909?
9
What is the tens digit of 69219?
1
What is the tens digit of 26778?
7
What is the hundreds digit of 2524?
5
What is the units digit of 87903?
3
What is the tens digit of 1083?
8
What is the thousands digit of 35196?
5
What is the thousands digit of 51936?
1
What is the hundreds digit of 2559?
5
What is the ten